et c(t) = 11*t**2. Let s(h) = -7*h**2 + 14*h + 11. Let p(v) = 3*v**2 - 7*v - 6. Let q(l) = 5*p(l) + 2*s(l). Let u be q(7). Let g = u - -7. What is c(g)?
11
Let q(p) = -3*p - 1. Let t = -5 - -9. Suppose t*w + w - 15 = 0. Calculate q(w).
-10
Suppose 0 = -3*j - 3, q + 11 = 2*q - j. Suppose -3*w - 1 = -q. Let b(o) = 4*o - 4. What is b(w)?
8
Suppose k + 2 = 4*d - 9, -3*k - 3*d = -27. Let u(i) be the third derivative of -i**5/60 + i**4/6 + 7*i**3/6 - 9*i**2. What is u(k)?
2
Suppose 0 = 15*n - 13*n - 14. Let a(p) = -p**2 + 5*p + 9. Give a(n).
-5
Let u(n) be the first derivative of 0*n - 1/360*n**6 - 5/24*n**4 + n**3 + 7/120*n**5 - 3 + 0*n**2. Let y(c) be the third derivative of u(c). Give y(6).
1
Let j(f) = 8*f**2 - f - 1. Let g(q) = -q**2 - 3*q + 2. Let h be g(-3). Suppose -4*a - 2*d = a + 1, 4 = -h*a + d. Determine j(a).
8
Let i(w) = 9*w + 5. Let r(k) be the third derivative of -5*k**4/24 - k**3/2 - 4*k**2. Suppose 0 = o - 1 - 6. Let d(l) = o*r(l) + 4*i(l). Calculate d(-4).
-5
Let g(y) = y**2 + 11 - 4*y**2 + 2*y**2 - 9. Let m(q) = -q**2 + 10*q - 13. Let d be m(9). Give g(d).
-14
Let z(c) = -3*c**2 + 7*c. Let y(s) = -7*s**2 + 14*s + 1. Let m = 10 - 8. Let k(v) = m*y(v) - 5*z(v). What is k(5)?
-8
Let v(k) be the second derivative of 0 - 1/4*k**4 - 5*k + 0*k**3 + 0*k**2. Give v(1).
-3
Let d(o) = -2*o**2 + 5*o + 3 - 5 - 4*o - o**3. Let x(n) = -n - 22. Let u be x(-24). What is d(u)?
-16
Let n(r) be the first derivative of -3*r**2/2 + 3*r + 1. Let a(l) = -3*l - 19. Let g be a(-7). What is n(g)?
-3
Let i = 15 + -12. Suppose 2*w - s - i = -0*w, -2*w - 3*s = -15. Let j(v) = 1 + 1 + v**2 - 5. Determine j(w).
6
Let m be -1 + (2 - 3 - -4). Let p(j) = 4 + 6*j - j**m - 3*j + 1. Calculate p(5).
-5
Let a = 8 - 16. Let r = -5 - a. Suppose -5*n - 25 = 0, -7 = 2*o + r*n - 2. Let z(i) = i**3 - 5*i**2 - i + 5. Give z(o).
0
Let p(z) = -z + 14. Let q(a) = -3*a + 24. Let v be q(8). Determine p(v).
14
Let x(k) = -12*k**2 + 6*k. Let v(g) = -13*g**2 + 6*g. Let j(t) = -3*v(t) + 4*x(t). Let q(o) = 4*o**2 - 3*o. Let d(n) = -3*j(n) - 7*q(n). Calculate d(2).
2
Let f(s) be the third derivative of s**8/6720 - s**7/360 + s**6/120 - s**5/120 - 7*s**4/24 + 5*s**2. Let t(l) be the second derivative of f(l). Calculate t(6).
-1
Let a = 22 - 23. Let m be a - ((-8)/4 + 8). Let h(s) = -s - 7. Determine h(m).
0
Let r = 6 + -3. Let h(w) = -w**3 + 2 - 3*w - 5*w + 5*w**2 + r*w. Suppose 4*o = -20, -3*o - 35 = -0*g - 5*g. What is h(g)?
-2
Suppose o + 2*y + 2 = -1, -75 = 5*o - 5*y. Let z(g) = g + 15. Give z(o).
4
Suppose -26 = -2*o - 22. Let d(z) = 2*z**2 + 1. Give d(o).
9
Let d(s) = -2*s - 2. Suppose -5*p = 4*m, 3*p + m + 1 = 2*p. Determine d(p).
-10
Let n(z) be the third derivative of z**4/24 + z**2. Suppose 2*f + 2*r = 12, -3*f + 0*r = -3*r + 6. Let o be f - 2 - (-1)/(-1). What is n(o)?
-1
Suppose -i + 8 - 3 = 0. Suppose -g - 5*p + 2 = 0, 0*g = i*g + 4*p - 10. Let s(m) = -m**3 + 3*m - 2. What is s(g)?
-4
Let y(i) be the third derivative of -i**7/840 - i**6/720 - i**5/120 - i**4/12 + 4*i**2. Let j(a) be the second derivative of y(a). What is j(-2)?
-11
Let r = 2 - 2. Suppose r = -y + 2*y - 3. Let w(u) = -2*u + u + 4*u - y. Give w(2).
3
Let j(c) = -c**3 - 7*c**2 - 5*c + 5. Suppose -4*i + 8*i + 4 = 0. Let t(m) = 7*m**3 + 2*m**2 + m. Let a be t(i). Determine j(a).
-1
Let d(i) = -16*i**2 - 16*i + 51. Let t(c) = 3*c**2 + 3*c - 10. Let x(u) = 2*d(u) + 11*t(u). Calculate x(0).
-8
Let b(h) be the third derivative of -h**5/60 + h**4/24 - h**3/6 + 2*h**2. Determine b(-3).
-13
Let p = 19 + -25. Let w(y) = y**3 + 5*y**2 - 5*y + 1. Give w(p).
-5
Let m(s) = -s**3 + 4*s**2 + 6*s - 7. Suppose -v - v + 4 = 0. Suppose 5*z - 15 = -d, 0 = d - 5*d + v*z - 28. Let g be 5*(3 + d)/(-2). What is m(g)?
-2
Let s(l) be the second derivative of l + 0*l**4 + 1/2*l**2 + 3/20*l**5 + 0*l**3 + 0. Calculate s(-1).
-2
Let z(p) = -p**3 - p**2. Suppose 2*o - 2 = 4*g - 0*g, -1 = -3*g + 4*o. Give z(g).
0
Let g be 8/3*((-21)/(-4) - 3). Let i(k) = -k**3 + 5*k**2 + 4*k + 3. Calculate i(g).
-9
Let t(y) = 3*y - 105. Let n be t(34). Let z(x) = x. Let a(v) = 7*v. Let l(q) = -3*a(q) + 24*z(q). What is l(n)?
-9
Suppose 0 = f + 3*f + 12. Let m = f - -1. Let r be (4 - 6) + (-4)/m. Let a(w) = w**3 - w**2. Determine a(r).
0
Let r(a) be the second derivative of 7*a**3/6 + a**2/2 + 10*a. Calculate r(1).
8
Let v(r) = -11*r**2 + 13*r - 21. Let s(a) = -a + 1. Let w(q) = -3*s(q) - v(q). Let d(z) = 4*z**2 - 3*z + 6. Let p(u) = -8*d(u) + 3*w(u). Determine p(6).
6
Let c(h) be the first derivative of 10*h**3/3 + h**2/2 + 11. Calculate c(-1).
9
Let n(w) be the second derivative of 1/2*w**3 + 3*w**2 + 0 + 3*w. Calculate n(-5).
-9
Let g be 5/(3 - 3 - 1). Let d(x) = x**3 + 5*x**2 - 3*x - 4. Calculate d(g).
11
Suppose 18 = 4*t + 6. Let u(j) be the second derivative of -j**3/6 - 5*j**2/2 - j. Let a(m) = -2*m - 12. Let o(b) = 5*a(b) - 12*u(b). Calculate o(t).
6
Let p(z) be the first derivative of -z**2 + 6*z - 2. Let h be 1 + 8/(-1 + 3). What is p(h)?
-4
Let l(m) = 10*m - 1. Let q(w) = 3*w - 2. Let j(s) = -13*s + 9. Let r(v) = 2*j(v) + 9*q(v). Let x = 0 + -1. Let g(h) = x*l(h) + 6*r(h). What is g(-2)?
9
Let w(h) be the second derivative of h**3/2 + 7*h**2/2 + 26*h. Determine w(-5).
-8
Let r(w) be the third derivative of -w**5/40 + w**4/12 - w**3/2 + 4*w**2. Let b(l) be the first derivative of r(l). What is b(2)?
-4
Let j(z) = 3*z - 3. Suppose -3*p + 6 + 6 = 0. Let u be 2/p*(8 + 2). What is j(u)?
12
Let g be -4*(-4)/(-24) - -1. Let y(d) be the first derivative of -1 - 1/4*d**4 + g*d**3 + d**2 - 3*d. What is y(2)?
-3
Let x(h) = 7*h**3 - 3*h**2 - 1. Let i(n) = -7*n**3 + 4*n**2 + 1. Let j(q) = 3*i(q) + 4*x(q). Give j(1).
6
Suppose -4*l + 8 = -0*l. Let b(n) = 2*n**2 + 4*n + n**2 - 7*n**l - 3 + 3*n**2. What is b(2)?
1
Let y = 4 + -9. Let d(x) = 3*x - 4. Let g(z) = 2*z - 3. Let j(r) = y*d(r) + 7*g(r). Suppose 2*n - 1 = -5*v - 13, 0 = 2*v + 2*n. Determine j(v).
3
Let o be ((-12)/9)/((-1)/6). Suppose 4*u = -28 + o. Let b(c) = -c**3 - 5*c**2 - 2*c - 7. Determine b(u).
3
Let r(k) be the third derivative of k**6/60 + k**5/20 + k**4/12 + k**3/6 - 3*k**2. Give r(-2).
-7
Let r(k) = -8 + 4*k**2 + 9 - 2*k**2 + 2*k. Suppose -2*y - c + 5*c = 4, 6 = 4*y - c. What is r(y)?
13
Let w(l) = 2*l**3 + 21*l**2 - 11*l + 16. Let a(m) = -3*m**3 - 31*m**2 + 17*m - 24. Let u(b) = 5*a(b) + 7*w(b). Give u(-9).
1
Let j(w) = 6*w**2 + w**3 - 7 - 7*w**2 - w - w**2 - 4*w**2. Determine j(6).
-13
Let m(o) be the third derivative of 0*o + 0 - 1/12*o**4 + 1/6*o**3 + 1/20*o**5 - 1/120*o**6 - 3*o**2. Give m(3).
-5
Let b(a) = -10 + 10 - 2*a. Give b(8).
-16
Let d = 20 - 18. Let h(g) = 2*g**2 - 2*g - 2. Let p be h(d). Let o(l) = l**2 - 2*l + 2. Determine o(p).
2
Suppose 0 = 4*t + 1 - 9. Let s = t - 2. Let h(g) be the third derivative of -g**5/60 + g**4/24 - g**3/2 + 4*g**2. What is h(s)?
-3
Let c(y) = y + 4. Let r be c(5). Suppose 2*f + f = r. Let s = f + -5. Let l(o) = -2*o**3 - 3*o**2 + o + 2. Give l(s).
4
Let n(y) = y**3 - 5*y**2 - y. Let f be n(5). Let q(t) be the third derivative of -t**4/24 - t**3/3 - 5*t**2. Give q(f).
3
Let o(w) = -w**3 - w + 2. Suppose -17*s = -12*s - 10. Give o(s).
-8
Let o(k) = -8*k**3 - k. Let t be -1*4*(-6)/12. Suppose u + 3 - t = 0. Calculate o(u).
9
Let x(i) = 3*i**2 - i. Let g(k) = 7*k**2 - 2*k - 1. Suppose -3*b = 0, -2*b = -3*o - o + 8. Let p(w) = o*g(w) - 5*x(w). Suppose 23 = 5*z + 13. Calculate p(z).
-4
Let x(r) = r - 1. Let z(c) = -c. Let f(q) = 3*x(q) + 2*z(q). Let n be f(8). Let h(p) = -p**2 + 6*p + 3. What is h(n)?
8
Suppose 5*f = -0*f + 10. Let x(i) = -4*i**f - 4*i**2 + 5*i**2 - 1. Calculate x(1).
-4
Let q(t) be the third derivative of -t**6/120 + t**5/60 + t**4/8 + 2*t**2. Let c(v) be the second derivative of q(v). Calculate c(2).
-10
Let o = -3 + 1. Let x(z) be the second derivative of 2*z**3/3 + z**2/2 + z. Give x(o).
-7
Let u(s) = 11*s - 2. Let a(v) = 6*v - 1. Let m(d) = -9*a(d) + 4*u(d). Suppose -2*g = -0*g - c, 2 = c. Determine m(g).
-9
Let b(d) = 6*d**2 + 9*d**2 + 3*d - 16*d**2 + 4*d + 2. Determine b(6).
8
Suppose 10 = 2*w + 4. Let y(a) = 1 - w*a + 5*a + a**2 + a. What is y(-1)?
-1
Let s(q) = 2*q**2 - 3*q - 1. Let w be (-36)/(-12) - (-1 - -1). Determine s(w).
8
Let r(n) = -2*n - 12. Let v be r(-9). Let a = 2 - v. Let q(h) = -h**3 - 4*h**2 - h - 1. Give q(a).
3